39113.
3339113
List the prime factors of 9868515.
3, 5, 307, 2143
List the prime factors of 446719.
7, 13, 4909
List the prime factors of 1909652.
2, 19, 25127
List the prime factors of 612597.
3, 59, 3461
What are the prime factors of 1257522?
2, 3, 7, 79, 379
List the prime factors of 10810814.
2, 7, 439, 1759
What are the prime factors of 456127?
7, 17, 3833
What are the prime factors of 1934066?
2, 61, 83, 191
List the prime factors of 42169024.
2, 103, 6397
What are the prime factors of 9696995?
5, 7, 11, 89, 283
What are the prime factors of 182166?
2, 3, 97, 313
List the prime factors of 58962.
2, 3, 31, 317
List the prime factors of 6063832.
2, 17, 44587
What are the prime factors of 386808?
2, 3, 71, 227
What are the prime factors of 306262?
2, 11, 13921
List the prime factors of 1483560.
2, 3, 5, 13, 317
What are the prime factors of 583764?
2, 3, 48647
What are the prime factors of 44707?
13, 19, 181
What are the prime factors of 1902838?
2, 7, 199, 683
What are the prime factors of 143262?
2, 3, 7, 379
What are the prime factors of 2560234?
2, 17, 257, 293
List the prime factors of 917593.
917593
List the prime factors of 555734.
2, 113, 2459
What are the prime factors of 1640010?
2, 3, 5, 54667
What are the prime factors of 69103?
19, 3637
List the prime factors of 113662.
2, 17, 3343
What are the prime factors of 129877?
11, 11807
What are the prime factors of 2238355?
5, 7, 31, 2063
List the prime factors of 8864644.
2, 2216161
What are the prime factors of 132948?
2, 3, 1231
What are the prime factors of 333663?
3, 11, 10111
List the prime factors of 131951.
23, 5737
List the prime factors of 1754882.
2, 41, 21401
List the prime factors of 858470.
2, 5, 85847
List the prime factors of 2336409.
3, 23, 11287
List the prime factors of 2934380.
2, 5, 146719
List the prime factors of 26887674.
2, 3, 11, 307, 1327
List the prime factors of 1540442.
2, 281, 2741
What are the prime factors of 3852748?
2, 963187
List the prime factors of 151442.
2, 75721
What are the prime factors of 251619?
3, 83873
List the prime factors of 53528.
2, 6691
List the prime factors of 478131.
3, 47, 3391
What are the prime factors of 513754?
2, 256877
What are the prime factors of 5327456?
2, 229, 727
List the prime factors of 1852969.
1852969
What are the prime factors of 4098165?
3, 5, 47, 5813
List the prime factors of 146394.
2, 3, 2711
List the prime factors of 572813.
572813
What are the prime factors of 25418464?
2, 794327
What are the prime factors of 14508027?
3, 509, 3167
List the prime factors of 246715.
5, 7, 19, 53
List the prime factors of 4611606.
2, 3, 37, 20773
List the prime factors of 12312275.
5, 492491
List the prime factors of 278899.
131, 2129
What are the prime factors of 5899655?
5, 149, 7919
What are the prime factors of 22856?
2, 2857
What are the prime factors of 4291999?
1301, 3299
What are the prime factors of 95207?
7, 29, 67
List the prime factors of 861901.
861901
What are the prime factors of 1648101?
3, 7, 13, 6037
What are the prime factors of 153510?
2, 3, 5, 7, 17, 43
List the prime factors of 14281018.
2, 31, 230339
What are the prime factors of 4964850?
2, 3, 5, 11, 17, 59
What are the prime factors of 177441?
3, 11, 19, 283
What are the prime factors of 1160300?
2, 5, 41, 283
What are the prime factors of 211134?
2, 3, 7, 11, 457
What are the prime factors of 3170808?
2, 3, 47, 937
What are the prime factors of 3868681?
61, 63421
List the prime factors of 1537049.
41, 37489
List the prime factors of 200001.
3, 163, 409
List the prime factors of 1885009.
7, 19, 14173
List the prime factors of 2333664.
2, 3, 37, 73
List the prime factors of 366975.
3, 5, 7, 233
List the prime factors of 202356.
2, 3, 7, 11, 73
What are the prime factors of 1610822?
2, 31, 25981
List the prime factors of 1941521.
29, 66949
What are the prime factors of 15224221?
167, 91163
What are the prime factors of 39061?
11, 53, 67
What are the prime factors of 1040160?
2, 3, 5, 11, 197
List the prime factors of 1272930.
2, 3, 5, 151, 281
List the prime factors of 7541317.
7, 53, 20327
What are the prime factors of 244887?
3, 81629
What are the prime factors of 5856572?
2, 1464143
List the prime factors of 1333575.
3, 5, 5927
List the prime factors of 2067527.
7, 11, 2441
List the prime factors of 42257.
42257
What are the prime factors of 28958769?
3, 7, 17, 9013
What are the prime factors of 126130?
2, 5, 12613
List the prime factors of 5620611.
3, 659, 2843
List the prime factors of 25055218.
2, 12527609
What are the prime factors of 9452538?
2, 3, 19, 37, 83
List the prime factors of 1397546.
2, 698773
List the prime factors of 11937224.
2, 13, 114781
List the prime factors of 639251.
17, 31, 1213
List the prime factors of 1363420.
2, 5, 68171
List the prime factors of 1280885.
5, 19, 97, 139
List the prime factors of 155489.
61, 2549
What are the prime factors of 11888796?
2, 3, 990733
List the prime factors of 860509.
13, 37, 1789
List the prime factors of 470049.
3, 156683
List the prime factors of 5097515.
5, 1019503
What are the prime factors of 13793?
13, 1061
What are the prime factors of 782765?
5, 17, 9209
List the prime factors of 6266629.
6266629
What are the prime factors of 27201?
3, 9067
List the prime factors of 1658229.
3, 37, 14939
What are the prime factors of 6163787?
7, 880541
What are the prime factors of 4692634?
2, 541, 4337
What are the prime factors of 41406?
2, 3, 67, 103
List the prime factors of 518270.
2, 5, 51827
List the prime factors of 741412.
2, 7, 26479
What are the prime factors of 4885384?
2, 7, 23, 3793
What are the prime factors of 2353260?
2, 3, 5, 7, 13, 431
List the prime factors of 115745.
5, 7, 3307
List the prime factors of 214075.
5, 8563
List the prime factors of 4734125.
5, 11, 313
List the prime factors of 446673.
3, 148891
List the prime factors of 110999.
7, 101, 157
List the prime factors of 968808.
2, 3, 37, 1091
List the prime factors of 589259.
11, 53569
List the prime factors of 152023.
67, 2269
What are the prime factors of 390647?
390647
What are the prime factors of 116621?
139, 839
List the prime factors of 28263200.
2, 5, 7, 103
List the prime factors of 195538.
2, 7, 13967
List the prime factors of 11252630.
2, 5, 211, 5333
List the prime factors of 214247.
11, 19477
What are the prime factors of 6720458?
2, 37, 197, 461
List the prime factors of 103723.
103723
List the prime factors of 3269622.
2, 3, 544937
What are the prime factors of 15674782?
2, 17, 47, 577
List the prime factors of 144555.
3, 5, 23, 419
List the prime factors of 114464.
2, 7, 73
What are the prime factors of 25251?
3, 19, 443
What are the prime factors of 859335?
3, 5, 59, 971
What are the prime factors of 49453?
17, 2909
List the prime factors of 14500807.
14500807
List the prime factors of 123263.
7, 17609
What are the prime factors of 169716?
2, 3, 14143
List the prime factors of 503431.
503431
List the prime factors of 736183.
7, 251, 419
What are the prime factors of 2266422?
2, 3, 377737
What are the prime factors of 209937?
3, 7, 13, 769
What are the prime factors of 2795362?
2, 1397681
List the prime factors of 3213252.
2, 3, 7, 41, 311
List the prime factors of 18179500.
2, 5, 103, 353
What are the prime factors of 24866323?
181, 137383
What are the prime factors of 83475?
3, 5, 7, 53
What are the prime factors of 2854302?
2, 3, 11, 59, 733
List the prime factors of 32901.
3, 11, 997
What are the prime factors of 281688?
2, 3, 11, 97
What are the prime factors of 12284439?
3, 4094813
List the prime factors of 119252.
2, 7, 4259
List the prime factors of 39630.
2, 3, 5, 1321
What are the prime factors of 5005785?
3, 5, 333719
What are the prime factors of 9291153?
3, 3097051
List the prime factors of 309806.
2, 7, 22129
List the prime factors of 762846.
2, 3, 7, 41, 443
List the prime factors of 48079.
48079
List the prime factors of 161036.
2, 127, 317
List the prime factors of 5623034.
2, 2811517
List the prime factors of 510690.
2, 3, 5, 29, 587
List the prime factors of 437343.
3, 73, 1997
What are the prime factors of 15615096?
2, 3, 7, 41, 2267
List the prime factors of 264935.
5, 11, 4817
What are the prime factors of 856680?
2, 3, 5, 11, 59
What are the prime factors of 415005?
3, 5, 73, 